{"id":3725,"date":"2019-05-17T08:52:55","date_gmt":"2019-05-17T06:52:55","guid":{"rendered":"https:\/\/beachin.ch\/hotel\/1-wohnung\/"},"modified":"2020-02-03T08:42:53","modified_gmt":"2020-02-03T07:42:53","slug":"1-wohnung","status":"publish","type":"page","link":"https:\/\/beachin.ch\/fr\/hotel\/1-wohnung\/","title":{"rendered":"Appartement \u00abAngaga\u00bb"},"content":{"rendered":"<div class=\"wpb-content-wrapper\"><p>[vc_row][vc_column][vc_column_text]Notre appartement de 3 pi\u00e8ces est id\u00e9al pour familles et petits groupes jusqu&#8217;\u00e0 6 personnes. Il dispose de 2 chambres \u00e0 coucher (1 chambre avec lit double et 1 chambre avec 2 lits simples) et un salon avec canap\u00e9-lit pour 2 personnes suppl\u00e9mentaires. Avec la cuisine enti\u00e8rement \u00e9quip\u00e9e le\u00a0 &#8220;self-catering&#8221; est \u00e9galement possible. L&#8217;appartement est moderne et pratique et dispose d&#8217;une t\u00e9l\u00e9vision, d&#8217;un acc\u00e8s WIFI gratuit et d&#8217;une salle de bain priv\u00e9e.<\/p>\n<p>Nous avons appel\u00e9 l&#8217;appartement &#8220;Angaga&#8221;. Angaga est une belle \u00eele maldivienne avec des plages de sable blanc dans le sud de l&#8217;atoll d&#8217;Ari. L&#8217;esprit de cette \u00eele paradisiaque se refl\u00e8te dans l&#8217;appartement Angaga. Offrez-vous un petite voyage aux Maldives. Bienvenue au BeachIN![\/vc_column_text][vc_row_inner][vc_column_inner width=&#8221;1\/6&#8243;][\/vc_column_inner][vc_column_inner width=&#8221;2\/3&#8243;][vc_images_carousel images=&#8221;8041,4201,4189,8047,3835,8059,8239,8050,8053,8056,3856&#8243; img_size=&#8221;full&#8221; autoplay=&#8221;yes&#8221; hide_pagination_control=&#8221;yes&#8221; wrap=&#8221;yes&#8221;][\/vc_column_inner][vc_column_inner width=&#8221;1\/6&#8243;][\/vc_column_inner][\/vc_row_inner][\/vc_column][\/vc_row][vc_row][vc_column][vc_column_text]Le calendrier suivant indique toutes les dates disponibles (en vert) de l&#8217;appartement Angaga. Les dates mauves sont d\u00e9j\u00e0 r\u00e9serv\u00e9es. Choisissez votre date d&#8217;arriv\u00e9e et de d\u00e9part, le nombre de personnes et l&#8217;option du petit d\u00e9jeuner. Vous pouvez ensuite d\u00e9placer votre r\u00e9servation dans le panier, saisir vos coordonn\u00e9es et votre mode de paiement et envoyer la r\u00e9servation. Vous recevrez votre confirmation de r\u00e9servation par email.<\/p>\n<p><a href=\"https:\/\/beachin.ch\/fr\/reserver-une-chambre\/\">Vers toutes les chambres disponibles<\/a>[\/vc_column_text]<div class=\"woocommerce\">\t\t\t<div class=\"single-product\" data-product-page-preselected-id=\"0\">\n\t\t\t\t<div id=\"product-3724\" class=\"tm-no-options product type-product post-3724 status-publish first instock product_cat-hotel-fr has-post-thumbnail virtual sold-individually purchasable product-type-simple\">\n    <div class=\"vc_row wpb_row vc_row-fluid\">\n        <div class=\"vc_column-inner \">\n            <div class=\"wpb_column vc_column_container vc_col-md-7\" style='display:none'>\n                <div class=\"vc_column-inner \">\n                    <div class=\"summary entry-summary\">\n                                                    \n                            <div class=\"woocommerce-product-details__short-description\">\n                                                                <\/div>\n                            <table cellspacing=\"0\" cellpadding=\"0\" >\n                            <tr><td>places libres:<\/td><td>Ausgebucht<\/td><\/tr>\n\n                            \n                                <tr class=\"sku_wrapper\"><td>UGS\u00a0:<\/td> <td class=\"sku\">hotel-z1-wohnung-angaga<\/td><\/tr>\n\n                            \n                                   \n                            <tr class=\"posted_in\"><td>Cat\u00e9gorie\u00a0:<\/td><td>Hotel<\/td><\/tr>\n                            \n                            <\/table>\n                            \n                                                <\/div>\n                    \n                <\/div>\n            <\/div>\n            <div class=\"wpb_column vc_column_container vc_col-md-5\"  style='display:none'>\n                <div class=\"wpb_column vc_column_container vc_col-md-12\" style=\"display:none\">\n                    <div class=\"vc_column-inner \">\n                                            <\/div>\n                <\/div>\n                <div class=\"wpb_column vc_column_container vc_col-md-12\">  \n                    <div class=\"vc_column-inner \">\n                        <div class=\"woocommerce-product-action\" >\n                            <h3>Anmeldung<\/h3>\n                                <span>Dieser Kurs ist leider ausgebucht.<\/span><br><br><div class='vc_btn3-container vc_btn3-inline'><a href='\/kontakt\/' class='vc_general vc_btn3 vc_btn3-size-md vc_btn3-shape-rounded vc_btn3-style-modern vc_btn3-color-grey'>\u00bb Anfrage via Kontaktformular<\/a><\/div>                                                            \n                        <\/div>\n                     <\/div>\n                <\/div>\n            <\/div>\n            <div class=\"wpb_column vc_column_container vc_col-md-12 booking-system_wrapper\"><div class=\"vc_column-inner \"><\/div><\/div>            \n            <div class=\"wpb_column vc_column_container vc_col-md-12\">\n                <div class=\"vc_column-inner \">\n                                                        <\/div>\n            <\/div>\n        <\/div>\n    <\/div>\n<\/div>\n\n\t\t\t<\/div>\n\t\t\t<\/div>[\/vc_column][\/vc_row]<\/p>\n<\/div>","protected":false},"excerpt":{"rendered":"<p>[vc_row][vc_column][vc_column_text]Notre appartement de 3 pi\u00e8ces est id\u00e9al pour familles et petits groupes jusqu&#8217;\u00e0 6 personnes. Il dispose de 2 chambres \u00e0 coucher (1 chambre avec lit double et 1 chambre avec 2 lits simples) et un salon avec canap\u00e9-lit pour 2 personnes suppl\u00e9mentaires. Avec la cuisine enti\u00e8rement \u00e9quip\u00e9e le\u00a0 &#8220;self-catering&#8221; est \u00e9galement possible. L&#8217;appartement est <a class=\"more-link\" href=\"https:\/\/beachin.ch\/fr\/produkt\/appartement_angaga\/\">weiterlesen&#8230;<\/a><\/p>\n","protected":false},"author":1,"featured_media":3870,"parent":1247,"menu_order":0,"comment_status":"closed","ping_status":"closed","template":"","meta":{"footnotes":""},"yoast_head":"<!-- This site is optimized with the Yoast SEO plugin v14.4.1 - https:\/\/yoast.com\/wordpress\/plugins\/seo\/ -->\n<title>Appartement pour 6 personnes<\/title>\n<meta name=\"description\" content=\"Pour un maximum de 6 personnes. 1 salon avec cuisine, table \u00e0 manger et canap\u00e9-lit. 2 chambres (lit double et 2 lits simples). Salle de bain avec douche, Free WIFI. TV.\" \/>\n<meta name=\"robots\" content=\"index, follow\" \/>\n<meta name=\"googlebot\" content=\"index, follow, max-snippet:-1, max-image-preview:large, max-video-preview:-1\" \/>\n<meta name=\"bingbot\" content=\"index, follow, max-snippet:-1, max-image-preview:large, max-video-preview:-1\" \/>\n<link rel=\"canonical\" href=\"https:\/\/beachin.ch\/fr\/hotel\/1-wohnung\/\" \/>\n<meta property=\"og:locale\" content=\"fr_FR\" \/>\n<meta property=\"og:type\" content=\"article\" \/>\n<meta property=\"og:title\" content=\"Appartement pour 6 personnes\" \/>\n<meta property=\"og:description\" content=\"Pour un maximum de 6 personnes. 1 salon avec cuisine, table \u00e0 manger et canap\u00e9-lit. 2 chambres (lit double et 2 lits simples). Salle de bain avec douche, Free WIFI. TV.\" \/>\n<meta property=\"og:url\" content=\"https:\/\/beachin.ch\/fr\/hotel\/1-wohnung\/\" \/>\n<meta property=\"og:site_name\" content=\"BeachIN Sport, Bar &amp; Hotel\" \/>\n<meta property=\"article:modified_time\" content=\"2020-02-03T07:42:53+00:00\" \/>\n<meta property=\"og:image\" content=\"https:\/\/beachin.ch\/wp-content\/uploads\/2019\/05\/Beachin_Hotel_Zimmer1_012.jpg\" \/>\n\t<meta property=\"og:image:width\" content=\"1200\" \/>\n\t<meta property=\"og:image:height\" content=\"800\" \/>\n<meta name=\"twitter:card\" content=\"summary_large_image\" \/>\n<script type=\"application\/ld+json\" class=\"yoast-schema-graph\">{\"@context\":\"https:\/\/schema.org\",\"@graph\":[{\"@type\":\"WebSite\",\"@id\":\"https:\/\/beachin.ch\/fr\/#website\",\"url\":\"https:\/\/beachin.ch\/fr\/\",\"name\":\"BeachIN Sport, Bar &amp; Hotel\",\"description\":\"Strandfeeling das ganze Jahr!\",\"potentialAction\":[{\"@type\":\"SearchAction\",\"target\":\"https:\/\/beachin.ch\/fr\/?s={search_term_string}\",\"query-input\":\"required name=search_term_string\"}],\"inLanguage\":\"fr-FR\"},{\"@type\":\"ImageObject\",\"@id\":\"https:\/\/beachin.ch\/fr\/hotel\/1-wohnung\/#primaryimage\",\"inLanguage\":\"fr-FR\",\"url\":\"https:\/\/beachin.ch\/wp-content\/uploads\/2019\/05\/Beachin_Hotel_Zimmer1_012.jpg\",\"width\":1200,\"height\":800},{\"@type\":\"WebPage\",\"@id\":\"https:\/\/beachin.ch\/fr\/hotel\/1-wohnung\/#webpage\",\"url\":\"https:\/\/beachin.ch\/fr\/hotel\/1-wohnung\/\",\"name\":\"Appartement pour 6 personnes\",\"isPartOf\":{\"@id\":\"https:\/\/beachin.ch\/fr\/#website\"},\"primaryImageOfPage\":{\"@id\":\"https:\/\/beachin.ch\/fr\/hotel\/1-wohnung\/#primaryimage\"},\"datePublished\":\"2019-05-17T06:52:55+00:00\",\"dateModified\":\"2020-02-03T07:42:53+00:00\",\"description\":\"Pour un maximum de 6 personnes. 1 salon avec cuisine, table \\u00e0 manger et canap\\u00e9-lit. 2 chambres (lit double et 2 lits simples). Salle de bain avec douche, Free WIFI. TV.\",\"inLanguage\":\"fr-FR\",\"potentialAction\":[{\"@type\":\"ReadAction\",\"target\":[\"https:\/\/beachin.ch\/fr\/hotel\/1-wohnung\/\"]}]}]}<\/script>\n<!-- \/ Yoast SEO plugin. -->","_links":{"self":[{"href":"https:\/\/beachin.ch\/fr\/wp-json\/wp\/v2\/pages\/3725"}],"collection":[{"href":"https:\/\/beachin.ch\/fr\/wp-json\/wp\/v2\/pages"}],"about":[{"href":"https:\/\/beachin.ch\/fr\/wp-json\/wp\/v2\/types\/page"}],"author":[{"embeddable":true,"href":"https:\/\/beachin.ch\/fr\/wp-json\/wp\/v2\/users\/1"}],"replies":[{"embeddable":true,"href":"https:\/\/beachin.ch\/fr\/wp-json\/wp\/v2\/comments?post=3725"}],"version-history":[{"count":9,"href":"https:\/\/beachin.ch\/fr\/wp-json\/wp\/v2\/pages\/3725\/revisions"}],"predecessor-version":[{"id":10083,"href":"https:\/\/beachin.ch\/fr\/wp-json\/wp\/v2\/pages\/3725\/revisions\/10083"}],"up":[{"embeddable":true,"href":"https:\/\/beachin.ch\/fr\/wp-json\/wp\/v2\/pages\/1247"}],"wp:featuredmedia":[{"embeddable":true,"href":"https:\/\/beachin.ch\/fr\/wp-json\/wp\/v2\/media\/3870"}],"wp:attachment":[{"href":"https:\/\/beachin.ch\/fr\/wp-json\/wp\/v2\/media?parent=3725"}],"curies":[{"name":"wp","href":"https:\/\/api.w.org\/{rel}","templated":true}]}}

<div class="wpb-content-wrapper"><p>[vc_row][vc_column][vc_column_text]Notre appartement de 3 pièces est idéal pour familles et petits groupes jusqu&#8217;à 6 personnes. Il dispose de 2 chambres à coucher (1 chambre avec lit double et 1 chambre avec 2 lits simples) et un salon avec canapé-lit pour 2 personnes supplémentaires. Avec la cuisine entièrement équipée le  &#8220;self-catering&#8221; est également possible. L&#8217;appartement est moderne et pratique et dispose d&#8217;une télévision, d&#8217;un accès WIFI gratuit et d&#8217;une salle de bain privée.</p>
<p>Nous avons appelé l&#8217;appartement &#8220;Angaga&#8221;. Angaga est une belle île maldivienne avec des plages de sable blanc dans le sud de l&#8217;atoll d&#8217;Ari. L&#8217;esprit de cette île paradisiaque se reflète dans l&#8217;appartement Angaga. Offrez-vous un petite voyage aux Maldives. Bienvenue au BeachIN![/vc_column_text][vc_row_inner][vc_column_inner width=&#8221;1/6&#8243;][/vc_column_inner][vc_column_inner width=&#8221;2/3&#8243;][vc_images_carousel images=&#8221;8041,4201,4189,8047,3835,8059,8239,8050,8053,8056,3856&#8243; img_size=&#8221;full&#8221; autoplay=&#8221;yes&#8221; hide_pagination_control=&#8221;yes&#8221; wrap=&#8221;yes&#8221;][/vc_column_inner][vc_column_inner width=&#8221;1/6&#8243;][/vc_column_inner][/vc_row_inner][/vc_column][/vc_row][vc_row][vc_column][vc_column_text]Le calendrier suivant indique toutes les dates disponibles (en vert) de l&#8217;appartement Angaga. Les dates mauves sont déjà réservées. Choisissez votre date d&#8217;arrivée et de départ, le nombre de personnes et l&#8217;option du petit déjeuner. Vous pouvez ensuite déplacer votre réservation dans le panier, saisir vos coordonnées et votre mode de paiement et envoyer la réservation. Vous recevrez votre confirmation de réservation par email.</p>
<p><a href="https://beachin.ch/fr/reserver-une-chambre/">Vers toutes les chambres disponibles</a>[/vc_column_text]<div class="woocommerce">			<div class="single-product" data-product-page-preselected-id="0">
				<div id="product-3724" class="tm-no-options product type-product post-3724 status-publish first instock product_cat-hotel-fr has-post-thumbnail virtual sold-individually purchasable product-type-simple">
    <div class="vc_row wpb_row vc_row-fluid">
        <div class="vc_column-inner ">
            <div class="wpb_column vc_column_container vc_col-md-7" style='display:none'>
                <div class="vc_column-inner ">
                    <div class="summary entry-summary">
                                                    
                            <div class="woocommerce-product-details__short-description">
                                                                </div>
                            <table cellspacing="0" cellpadding="0" >
                            <tr><td>places libres:</td><td>Ausgebucht</td></tr>

                            
                                <tr class="sku_wrapper"><td>UGS :</td> <td class="sku">hotel-z1-wohnung-angaga</td></tr>

                            
                                   
                            <tr class="posted_in"><td>Catégorie :</td><td>Hotel</td></tr>
                            
                            </table>
                            
                                                </div>
                    
                </div>
            </div>
            <div class="wpb_column vc_column_container vc_col-md-5"  style='display:none'>
                <div class="wpb_column vc_column_container vc_col-md-12" style="display:none">
                    <div class="vc_column-inner ">
                                            </div>
                </div>
                <div class="wpb_column vc_column_container vc_col-md-12">  
                    <div class="vc_column-inner ">
                        <div class="woocommerce-product-action" >
                            <h3>Anmeldung</h3>
                                <span>Dieser Kurs ist leider ausgebucht.</span><br><br><div class='vc_btn3-container vc_btn3-inline'><a href='/kontakt/' class='vc_general vc_btn3 vc_btn3-size-md vc_btn3-shape-rounded vc_btn3-style-modern vc_btn3-color-grey'>» Anfrage via Kontaktformular</a></div>                                                            
                        </div>
                     </div>
                </div>
            </div>
            <div class="wpb_column vc_column_container vc_col-md-12 booking-system_wrapper"><div class="vc_column-inner "></div></div>            
            <div class="wpb_column vc_column_container vc_col-md-12">
                <div class="vc_column-inner ">
                                                        </div>
            </div>
        </div>
    </div>
</div>

			</div>
			</div>[/vc_column][/vc_row]</p>
</div>

<p>[vc_row][vc_column][vc_column_text]Notre appartement de 3 pièces est idéal pour familles et petits groupes jusqu&#8217;à 6 personnes. Il dispose de 2 chambres à coucher (1 chambre avec lit double et 1 chambre avec 2 lits simples) et un salon avec canapé-lit pour 2 personnes supplémentaires. Avec la cuisine entièrement équipée le  &#8220;self-catering&#8221; est également possible. L&#8217;appartement est <a class="more-link" href="https://beachin.ch/fr/produkt/appartement_angaga/">weiterlesen&#8230;</a></p>

<!-- This site is optimized with the Yoast SEO plugin v14.4.1 - https://yoast.com/wordpress/plugins/seo/ -->
<title>Appartement pour 6 personnes</title>
<meta name="description" content="Pour un maximum de 6 personnes. 1 salon avec cuisine, table à manger et canapé-lit. 2 chambres (lit double et 2 lits simples). Salle de bain avec douche, Free WIFI. TV." />
<meta name="robots" content="index, follow" />
<meta name="googlebot" content="index, follow, max-snippet:-1, max-image-preview:large, max-video-preview:-1" />
<meta name="bingbot" content="index, follow, max-snippet:-1, max-image-preview:large, max-video-preview:-1" />
<link rel="canonical" href="https://beachin.ch/fr/hotel/1-wohnung/" />
<meta property="og:locale" content="fr_FR" />
<meta property="og:type" content="article" />
<meta property="og:title" content="Appartement pour 6 personnes" />
<meta property="og:description" content="Pour un maximum de 6 personnes. 1 salon avec cuisine, table à manger et canapé-lit. 2 chambres (lit double et 2 lits simples). Salle de bain avec douche, Free WIFI. TV." />
<meta property="og:url" content="https://beachin.ch/fr/hotel/1-wohnung/" />
<meta property="og:site_name" content="BeachIN Sport, Bar &amp; Hotel" />
<meta property="article:modified_time" content="2020-02-03T07:42:53+00:00" />
<meta property="og:image" content="https://beachin.ch/wp-content/uploads/2019/05/Beachin_Hotel_Zimmer1_012.jpg" />
	<meta property="og:image:width" content="1200" />
	<meta property="og:image:height" content="800" />
<meta name="twitter:card" content="summary_large_image" />
<script type="application/ld+json" class="yoast-schema-graph">{"@context":"https://schema.org","@graph":[{"@type":"WebSite","@id":"https://beachin.ch/fr/#website","url":"https://beachin.ch/fr/","name":"BeachIN Sport, Bar &amp; Hotel","description":"Strandfeeling das ganze Jahr!","potentialAction":[{"@type":"SearchAction","target":"https://beachin.ch/fr/?s={search_term_string}","query-input":"required name=search_term_string"}],"inLanguage":"fr-FR"},{"@type":"ImageObject","@id":"https://beachin.ch/fr/hotel/1-wohnung/#primaryimage","inLanguage":"fr-FR","url":"https://beachin.ch/wp-content/uploads/2019/05/Beachin_Hotel_Zimmer1_012.jpg","width":1200,"height":800},{"@type":"WebPage","@id":"https://beachin.ch/fr/hotel/1-wohnung/#webpage","url":"https://beachin.ch/fr/hotel/1-wohnung/","name":"Appartement pour 6 personnes","isPartOf":{"@id":"https://beachin.ch/fr/#website"},"primaryImageOfPage":{"@id":"https://beachin.ch/fr/hotel/1-wohnung/#primaryimage"},"datePublished":"2019-05-17T06:52:55+00:00","dateModified":"2020-02-03T07:42:53+00:00","description":"Pour un maximum de 6 personnes. 1 salon avec cuisine, table \u00e0 manger et canap\u00e9-lit. 2 chambres (lit double et 2 lits simples). Salle de bain avec douche, Free WIFI. TV.","inLanguage":"fr-FR","potentialAction":[{"@type":"ReadAction","target":["https://beachin.ch/fr/hotel/1-wohnung/"]}]}]}</script>
<!-- / Yoast SEO plugin. -->
